d by 99.
97
Calculate the remainder when 7634 is divided by 283.
276
Calculate the remainder when 2058 is divided by 652.
102
Calculate the remainder when 5245 is divided by 58.
25
Calculate the remainder when 5117 is divided by 1324.
1145
What is the remainder when 10817 is divided by 1160?
377
Calculate the remainder when 22943 is divided by 65.
63
Calculate the remainder when 324454 is divided by 10.
4
What is the remainder when 54251 is divided by 239?
237
Calculate the remainder when 659666 is divided by 436.
434
Calculate the remainder when 16182 is divided by 78.
36
What is the remainder when 9401 is divided by 8054?
1347
Calculate the remainder when 26709 is divided by 2664.
69
What is the remainder when 4845 is divided by 602?
29
What is the remainder when 1175 is divided by 536?
103
Calculate the remainder when 113514 is divided by 148.
146
What is the remainder when 24866 is divided by 1307?
33
What is the remainder when 804 is divided by 82?
66
What is the remainder when 90089 is divided by 858?
857
Calculate the remainder when 184432 is divided by 20.
12
Calculate the remainder when 17402 is divided by 387.
374
What is the remainder when 13455 is divided by 13437?
18
Calculate the remainder when 21529 is divided by 24.
1
What is the remainder when 96224 is divided by 39?
11
Calculate the remainder when 1635 is divided by 26.
23
What is the remainder when 15349 is divided by 7667?
15
Calculate the remainder when 749 is divided by 575.
174
Calculate the remainder when 15713 is divided by 523.
23
What is the remainder when 326 is divided by 303?
23
Calculate the remainder when 10398 is divided by 117.
102
What is the remainder when 13369 is divided by 785?
24
Calculate the remainder when 33816 is divided by 1089.
57
What is the remainder when 1726 is divided by 1710?
16
Calculate the remainder when 1687 is divided by 456.
319
Calculate the remainder when 205030 is divided by 102436.
158
What is the remainder when 4211 is divided by 211?
202
Calculate the remainder when 40028 is divided by 5717.
9
Calculate the remainder when 1126479 is divided by 40.
39
Calculate the remainder when 7746 is divided by 2579.
9
Calculate the remainder when 50373 is divided by 541.
60
Calculate the remainder when 2897 is divided by 362.
1
What is the remainder when 3635 is divided by 190?
25
Calculate the remainder when 7020 is divided by 6.
0
What is the remainder when 2136 is divided by 211?
26
Calculate the remainder when 4390 is divided by 723.
52
What is the remainder when 859542 is divided by 135?
132
What is the remainder when 360453 is divided by 90110?
13
Calculate the remainder when 36915 is divided by 176.
131
What is the remainder when 1169 is divided by 209?
124
Calculate the remainder when 221271 is divided by 31.
24
What is the remainder when 84742 is divided by 662?
6
Calculate the remainder when 119926 is divided by 555.
46
What is the remainder when 362672 is divided by 754?
752
What is the remainder when 7898 is divided by 132?
110
Calculate the remainder when 554 is divided by 540.
14
What is the remainder when 979335 is divided by 6754?
5
Calculate the remainder when 51384 is divided by 4662.
102
Calculate the remainder when 6470 is divided by 818.
744
What is the remainder when 23039 is divided by 4594?
69
Calculate the remainder when 300715 is divided by 1258.
53
What is the remainder when 1932 is divided by 127?
27
What is the remainder when 406975 is divided by 834?
817
What is the remainder when 5443177 is divided by 37?
33
What is the remainder when 2585 is divided by 286?
11
Calculate the remainder when 12952867 is divided by 596.
595
Calculate the remainder when 36485 is divided by 67.
37
Calculate the remainder when 9363 is divided by 1870.
13
What is the remainder when 435663 is divided by 146?
145
Calculate the remainder when 2160 is divided by 1546.
614
Calculate the remainder when 104533 is divided by 34800.
133
Calculate the remainder when 41672 is divided by 69.
65
What is the remainder when 21629 is divided by 1964?
25
Calculate the remainder when 2021 is divided by 665.
26
What is the remainder when 2236 is divided by 170?
26
What is the remainder when 7459 is divided by 1858?
27
Calculate the remainder when 18301 is divided by 2099.
1509
What is the remainder when 1759 is divided by 16?
15
What is the remainder when 67451 is divided by 292?
291
Calculate the remainder when 6893 is divided by 6733.
160
What is the remainder when 172458 is divided by 284?
70
Calculate the remainder when 711468 is divided by 77.
65
What is the remainder when 18389 is divided by 1584?
965
What is the remainder when 64318 is divided by 24?
22
What is the remainder when 404 is divided by 355?
49
What is the remainder when 80828 is divided by 10091?
100
What is the remainder when 680754 is divided by 21?
18
Calculate the remainder when 6303 is divided by 301.
283
What is the remainder when 1501 is divided by 675?
151
Calculate the remainder when 15491 is divided by 1032.
11
What is the remainder when 618834 is divided by 142?
140
What is the remainder when 3295 is divided by 984?
343
Calculate the remainder when 68092 is divided by 342.
34
What is the remainder when 47267 is divided by 556?
7
What is the remainder when 246152 is divided by 1641?
2
What is the remainder when 11121 is divided by 105?
96
What is the remainder when 368025 is divided by 12?
9
What is the remainder when 796 is divided by 342?
112
What is the remainder when 9964 is divided by 4653?
658
Calculate the remainder when 1687 is divided by 357.
259
What is the remainder when 17620 is divided by 49?
29
What is the remainder when 10241 is divided by 869?
682
What is the remainder when 269211 is divided by 307?
279
Calculate the remainder when 9730 is divided by 2427.
22
What is the remainder when 316370 is divided by 9?
2
Calculate the remainder when 8906 is divided by 955.
311
Calculate the remainder when 41626 is divided by 55.
46
Calculate the remainder when 203055 is divided by 339.
333
What is the remainder when 17747 is divided by 573?
557
What is the remainder when 6355 is divided by 114?
85
What is the remainder when 3166 is divided by 879?
529
Calculate the remainder when 15498 is divided by 857.
72
Calculate the remainder when 4170806 is divided by 381.
380
Calculate the remainder when 58224 is divided by 1610.
264
Calculate the remainder when 356202 is divided by 8.
2
Calculate the remainder when 6302 is divided by 1048.
14
What is the remainder when 1884986 is divided by 285?
281
What is the remainder when 11490 is divided by 1634?
52
Calculate the remainder when 875 is divided by 48.
11
What is the remainder when 65725 is divided by 9?
7
Calculate the remainder when 14976 is divided by 1872.
0
Calculate the remainder when 44579 is divided by 490.
479
What is the remainder when 2946 is divided by 419?
13
Calculate the remainder when 56913 is divided by 56910.
3
What is the remainder when 105602 is divided by 105593?
9
What is the remainder when 314522 is divided by 188?
186
What is the remainder when 99492 is divided by 27?
24
Calculate the remainder when 5651714 is divided by 15.
14
What is the remainder when 73465 is divided by 9177?
49
What is the remainder when 10488 is divided by 41?
33
Calculate the remainder when 4268 is divided by 1016.
204
Calculate the remainder when 16917 is divided by 1187.
299
What is the remainder when 6289 is divided by 26?
23
Calculate the remainder when 17803 is divided by 316.
107
What is the remainder when 7129 is divided by 253?
45
What is the remainder when 3079 is divided by 3?
1
Calculate the remainder when 1476485 is divided by 99.
98
What is the remainder when 679391 is divided by 14?
13
What is the remainder when 265179 is divided by 200?
179
Calculate the remainder when 577837 is divided by 1107.
1090
What is the remainder when 1941 is divided by 1859?
82
Calculate the remainder when 1087063 is divided by 357.
355
Calculate the remainder when 2666 is divided by 182.
118
What is the remainder when 18310 is divided by 469?
19
Calculate the remainder when 2731 is divided by 2707.
24
Calculate the remainder when 899 is divided by 18.
17
What is the remainder when 3297 is divided by 19?
10
Calculate the remainder whe